vided by t(10).
21
Calculate the remainder when -1*(-11 + (-3984 - -12)) is divided by 1326.
5
Let w = 6876 + -1638. What is the remainder when w is divided by 169?
168
Let c(f) = 4*f**2 - 9*f - 8. Let d be c(-8). Let n be 5 + -3 + d/5. Suppose 5*z = -h - 4 + 12, -5*h + z = -n. What is the remainder when 36 is divided by h?
10
Let a = 63 - 43. Suppose -a = -3*h - 4*p + 8, 3*p = -6. Suppose 90 = 2*z + 2*y, 3*y + 2*y - 99 = -2*z. Calculate the remainder when z is divided by h.
6
Suppose 1922*z + 331695 = 1987*z. Calculate the remainder when z is divided by 1700.
3
Let x = 123 + 164. Let b(d) = 11*d - 136. Calculate the remainder when x is divided by b(15).
26
Let b(o) = o**2 - 174*o - 287. Calculate the remainder when 665 is divided by b(176).
15
Let o(j) = 2*j**3 + 31*j**2 + 51*j + 562. Calculate the remainder when 767 is divided by o(-15).
19
Suppose -2*i + 77 = -21*n + 16*n, -n + 124 = 3*i. Calculate the remainder when 1766 is divided by i.
3
Let c be 24/64 - (-87)/24. Suppose 6*i + c*i = 220. Suppose r + 14 = 25. What is the remainder when i is divided by r?
0
Let n = 3799 - 3781. Calculate the remainder when 64 is divided by n.
10
What is the remainder when 40 is divided by 40*(-8)/(-40) - (-7 - 1)?
8
Let j = -24 - -34. Let t = -4 - 11. What is the remainder when (3/(-4))/((t/(-108))/(-5)) is divided by j?
7
Let s(n) = n**3 + 60*n**2 - 132*n - 488. Calculate the remainder when 3093 is divided by s(-62).
5
Let m = 88805 - 88793. Suppose -4*q + 5*u = -1071, -q + 4*u + 254 = -0*q. Calculate the remainder when q is divided by m.
10
Let d = 2216 + -2166. What is the remainder when 123 is divided by d?
23
Suppose 213*n + 1460 = 217*n. Let h = 388 - n. Suppose -2*o + 257 = 5*v, 4*v = 4*o - o + 201. Calculate the remainder when v is divided by h.
5
Let y be (-10 - 24)/(4/(-14)). Suppose 15*p - y = 241. Calculate the remainder when p is divided by 11.
2
Let y(l) = -125*l - 439. Calculate the remainder when y(-24) is divided by 15.
11
Let q(c) = 11*c - 4. Let i be q(0). What is the remainder when (1/(-3))/(i/300) is divided by 7?
4
Suppose 44*d = -38*d + 22*d + 3060. Calculate the remainder when 12902 is divided by d.
50
Let w = 7128 - 5055. What is the remainder when w is divided by 51?
33
Suppose -2*n = 3*i + n - 27, 3*n = -i + 5. Suppose i*u + 2*q = 15*u - 400, -4*q = 2*u - 210. What is the remainder when 1512 is divided by u?
98
Let y be ((-16)/10)/((-2)/10) + 2. Let d be y/3*(-330)/(-25). Suppose -3*c - c = -d. Calculate the remainder when 31 is divided by c.
9
Let u(x) = -3*x**2 - 11*x + 9. Let v(g) = -g**2. Let d(w) = u(w) - 2*v(w). Suppose 2279 = -82*j + 125*j. What is the remainder when j is divided by d(-11)?
8
Suppose 43061 + 175060 = 37*y - 22860. Calculate the remainder when y is divided by 181.
178
Suppose 2*y + 5*o - 158 = 0, 12*o = -2*y + 9*o + 162. What is the remainder when 176 is divided by y?
8
Suppose 0 = 5*p - 58 - 47. Calculate the remainder when 2/(-4)*(-3)/(27/1098) is divided by p.
19
Let u(p) = 568*p - 2213. Calculate the remainder when 576 is divided by u(4).
45
Suppose 6*p = 2*p + 2*m + 22, 22 = 5*p + 3*m. Let r(a) = -3*a**3 - 2*a**2 + 7*a + 5. Calculate the remainder when r(-4) is divided by p*4*14/10.
25
Let u = -372 - -666. What is the remainder when u is divided by 13?
8
Suppose -2942 = -79*z + 297. Calculate the remainder when 326 is divided by z.
39
Let v = -31557 + 31615. What is the remainder when v is divided by 14?
2
Suppose 81 = 38*c - 109. Suppose c*a - 10*a + 161 = b, 4 = 4*b. Calculate the remainder when a is divided by 0 + 2 - (0 + -10).
8
Let k(s) be the first derivative of -19*s**4/4 - 2*s**3/3 - s**2/2 + 1. Suppose 3800 = 53*y + 1256. What is the remainder when y is divided by k(-1)?
12
Let g = 530 - 331. Suppose -6*a - 26 + 434 = 0. What is the remainder when g is divided by a?
63
Let i(f) = 2*f**2 - f - 240. Let u be i(0). Suppose y + 676 = -y. Let p = u - y. What is the remainder when p is divided by 25?
23
Let a(f) = 2*f**3 - 5*f**2 - 14*f + 10. Let k be a(4). What is the remainder when 287 is divided by (-11 - -1)/k - -79?
65
Let p(m) = m**3 + 24*m**2 - 15*m - 133. Suppose 4*t - 33 = 3*d + 40, 0 = 5*t + 5*d - 100. Calculate the remainder when p(-24) is divided by t.
18
Let d(y) = y**2. Let s(h) = -2*h**3 + 24*h**2 + 27*h - 48. Let g(z) = 2*d(z) - s(z). Calculate the remainder when 175 is divided by g(12).
7
Let j = -3572 + 3714. What is the remainder when j is divided by 16?
14
Suppose 116 = 2*u - 3*t, 5*u = -4*t + 278 + 35. Let n = u + -42. Calculate the remainder when n is divided by 5/(15/13)*(2 - -1).
6
Let f be ((-76)/(-133))/((-2)/(-14)). Suppose 4*w + 140 = f*z, -z + 34 = 4*w + 4. Calculate the remainder when 234 is divided by z.
30
Suppose -11541*b - 38 - 394 = -11550*b. What is the remainder when 147 is divided by b?
3
Let w(g) = -36*g + 31. Calculate the remainder when 243 is divided by w(0).
26
What is the remainder when 5633 is divided by 1 + 35/(-10) + (-844)/(-8) + 12?
113
Suppose -62*p = -379 - 117. Let v be 24/132 - 216/(-22). Suppose -2*o = -46 + v. Calculate the remainder when o is divided by p.
2
Let a(p) be the first derivative of 5*p**3/3 + 3*p**2/2 - 3*p + 9. Let c(h) = h**3 + 5*h**2 - 6*h - 16. Calculate the remainder when a(3) is divided by c(-5).
9
Let a(b) = -2*b + 3. Let s = 112 + -119. Let m(h) = -2*h**2 - 25*h - 72. What is the remainder when a(-6) is divided by m(s)?
0
Suppose 60*y - 1019 = 4921. What is the remainder when y is divided by 98?
1
Let m(i) = -3*i + 29. Let x be m(9). What is the remainder when 235 is divided by (12/24)/(x/204*3)?
14
Suppose f + 84*z = 85*z + 454, 5*z + 10 = 0. Calculate the remainder when f is divided by 16.
4
Calculate the remainder when (-110908)/(-153) + 4*3/108 is divided by 10.
5
Let z = -1661 - -1675. Let j = 211 + -181. What is the remainder when j is divided by z?
2
Let t(v) = v**3 - 20*v**2 + 35*v + 19. Let d be -18*24/(-18) - 6. What is the remainder when 11 is divided by t(d)?
0
Let l = 6 - 3. Let z(h) = 14*h - 3. Suppose 12*k = -28*k + 840. Calculate the remainder when z(l) is divided by k.
18
Let g(d) = d**3 - 11*d**2 - 12*d - 27. Let u be g(12). Let a = 91 - u. Calculate the remainder when a is divided by 52.
14
Suppose -14*o - 10793 = -752*o + 13561. Suppose 0*n - 20 = -4*g + n, 0 = -4*n - 16. Calculate the remainder when o is divided by g.
1
Let j = 36 - 72. What is the remainder when 88*(-4 + 270/60) is divided by (j/(-10))/(6/40)?
20
Suppose -7*d = 14*d - 147. Suppose 4*t = -0 + 12. Suppose -t*b + 2*x + 188 = -2*x, -b + 3*x = -61. Calculate the remainder when b is divided by d.
1
Suppose 0 = 2*h - 12, -c + 440*h - 445*h = -468. Calculate the remainder when c is divided by 116.
90
Suppose 8*t + 3 = 11*t. Let m(c) = c**2 + 8*c + 3. Let y be m(-8). Suppose y*o + 3 = -3*r + 24, 0 = -r + 5*o - 23. What is the remainder when r is divided by t?
0
Let d(n) be the third derivative of 1/60*n**5 - 13*n**2 + 1/3*n**3 + 0 - 1/3*n**4 + 0*n. What is the remainder when 87 is divided by d(10)?
21
Suppose -18 = -5*g + 37. Suppose 0 = -3*v - 3*r + 687, 4*v = 4*r + 104 + 804. What is the remainder when v is divided by g?
8
Calculate the remainder when 43*(3 - (-11 + 10)) is divided by 156.
16
Let a(b) = -b**3 + 8*b**2 - 6*b - 5. Suppose 135 = -3*y - 6. Let c = y + 52. Calculate the remainder when a(c) is divided by 21.
19
Suppose 26 - 8 = 3*p. Suppose 0 = -5*c - m + 3, 2*m = -2*c + 8*c - 10. What is the remainder when p is divided by c?
0
Suppose -37*j + 23*j = -3430. Suppose -679*f = -672*f - j. What is the remainder when 99 is divided by f?
29
Let t(k) be the third derivative of -k**4/3 - k**3/2 + 2*k**2. Calculate the remainder when -2 - -56 - (-7 - (-1 - 4)) is divided by t(-3).
14
Suppose -56 = 32*d - 34*d. Suppose 214 = 4*t - 5*j, 5*t - 254 = -j + d. Let n(k) = 3*k**2 - k - 4. Calculate the remainder when t is divided by n(3).
16
Suppose 3*p - 5*p + 4*l = -338, -2*p - 4*l + 306 = 0. What is the remainder when 1764 is divided by p?
154
Let f(l) = 28*l**3 - 4*l**2 + 3*l. Let d be (-64)/10 - 6/(-15). Let m(t) = -t**3 - 7*t**2 - 7*t. Calculate the remainder when f(1) is divided by m(d).
3
Suppose -141*h - 40 = -143*h. Suppose 0 = -5*x + 4*x + 119. Suppose h = -3*s + x. What is the remainder when s is divided by 12?
9
Calculate the rem